st common factor of 44 and 154?
22
What is the highest common divisor of 198 and 891?
99
Calculate the greatest common divisor of 1017 and 113.
113
What is the highest common factor of 65 and 247?
13
What is the highest common divisor of 21 and 9?
3
Calculate the highest common factor of 205 and 82.
41
What is the highest common factor of 1887 and 4662?
111
What is the greatest common divisor of 1802 and 136?
34
Calculate the greatest common factor of 11 and 1221.
11
What is the greatest common factor of 21 and 336?
21
What is the highest common divisor of 2743 and 351?
13
Calculate the greatest common divisor of 4635 and 165.
15
Calculate the greatest common divisor of 350 and 40.
10
What is the highest common divisor of 44 and 418?
22
What is the highest common factor of 4433 and 1144?
143
What is the highest common factor of 119 and 7?
7
Calculate the greatest common divisor of 51 and 1632.
51
Calculate the highest common factor of 574 and 697.
41
Calculate the greatest common factor of 963 and 9.
9
What is the greatest common factor of 1460 and 320?
20
What is the greatest common factor of 3 and 492?
3
What is the greatest common factor of 2795 and 195?
65
What is the greatest common divisor of 2756 and 65?
13
What is the greatest common divisor of 1717 and 2?
1
What is the greatest common factor of 208 and 377?
13
What is the highest common divisor of 64 and 4576?
32
What is the highest common divisor of 1577 and 19?
19
What is the greatest common divisor of 182 and 38129?
91
What is the greatest common factor of 3567 and 246?
123
Calculate the greatest common factor of 12 and 52.
4
Calculate the highest common factor of 16 and 24.
8
What is the highest common factor of 459 and 68?
17
What is the highest common factor of 42 and 15?
3
Calculate the highest common factor of 11 and 451.
11
What is the highest common divisor of 86 and 86?
86
What is the greatest common divisor of 136 and 424?
8
Calculate the greatest common divisor of 15 and 1920.
15
What is the greatest common factor of 20 and 3820?
20
Calculate the greatest common factor of 15419 and 17.
17
Calculate the highest common divisor of 80 and 528.
16
Calculate the highest common divisor of 2349 and 486.
81
What is the greatest common divisor of 112 and 272?
16
Calculate the greatest common divisor of 70 and 320.
10
What is the highest common factor of 491 and 25?
1
What is the highest common divisor of 82 and 30?
2
Calculate the highest common factor of 66 and 8.
2
What is the greatest common factor of 18 and 147?
3
Calculate the greatest common divisor of 60 and 570.
30
Calculate the greatest common factor of 6 and 798.
6
What is the highest common divisor of 3770 and 26?
26
What is the greatest common factor of 868 and 140?
28
Calculate the greatest common factor of 1820 and 5.
5
Calculate the greatest common factor of 826 and 14.
14
Calculate the greatest common divisor of 105 and 15.
15
Calculate the greatest common factor of 15 and 425.
5
What is the greatest common factor of 72318 and 51?
51
What is the greatest common divisor of 166 and 6?
2
What is the highest common factor of 98 and 14?
14
What is the highest common factor of 387 and 18?
9
What is the greatest common divisor of 3756 and 16?
4
What is the highest common factor of 89 and 712?
89
What is the highest common factor of 17 and 23?
1
Calculate the greatest common divisor of 1170 and 1885.
65
Calculate the greatest common divisor of 54 and 1242.
54
Calculate the greatest common divisor of 21 and 2688.
21
What is the highest common factor of 6440 and 1400?
280
What is the highest common factor of 16 and 256?
16
Calculate the greatest common divisor of 164 and 44.
4
Calculate the highest common divisor of 2376 and 216.
216
Calculate the greatest common divisor of 9251 and 99.
11
What is the highest common divisor of 2450 and 882?
98
Calculate the greatest common divisor of 1076 and 30.
2
Calculate the highest common factor of 5 and 95.
5
What is the highest common divisor of 25451 and 31?
31
Calculate the greatest common divisor of 15 and 40.
5
Calculate the highest common factor of 136 and 40.
8
What is the greatest common divisor of 39 and 13?
13
Calculate the highest common divisor of 18 and 1310.
2
What is the highest common factor of 84 and 10808?
28
What is the greatest common divisor of 128 and 6?
2
What is the highest common factor of 208 and 546?
26
What is the highest common factor of 696 and 34568?
232
Calculate the greatest common divisor of 104 and 296.
8
Calculate the highest common factor of 10318 and 55.
11
What is the greatest common factor of 60 and 10720?
20
What is the highest common factor of 37 and 50801?
37
What is the highest common factor of 690 and 30?
30
Calculate the greatest common factor of 304 and 76.
76
What is the highest common divisor of 116 and 12?
4
Calculate the greatest common divisor of 2829 and 1845.
123
What is the highest common divisor of 64 and 16?
16
What is the greatest common factor of 8400 and 80?
80
What is the highest common factor of 51 and 204?
51
What is the highest common factor of 430 and 10?
10
Calculate the highest common factor of 164 and 4.
4
What is the highest common factor of 18 and 150?
6
Calculate the highest common factor of 7117 and 11.
11
What is the greatest common factor of 5175 and 2475?
225
What is the highest common factor of 2247 and 5?
1
Calculate the greatest common divisor of 1794 and 78.
78
Calculate the highest common factor of 55 and 45.
5
Calculate the highest common divisor of 679 and 776.
97
Calculate the greatest common divisor of 216 and 72.
72
Calculate the highest common divisor of 148 and 1887.
37
What is the highest common divisor of 54 and 42?
6
What is the greatest common factor of 717 and 4063?
239
Calculate the greatest common factor of 30 and 10.
10
What is the greatest common factor of 52 and 143?
13
What is the greatest common divisor of 41 and 820?
41
Calculate the highest common factor of 13629 and 462.
231
What is the greatest common divisor of 790 and 10?
10
Calculate the greatest common divisor of 159 and 2173.
53
What is the greatest common divisor of 138 and 6?
6
Calculate the highest common factor of 56 and 8296.
8
Calculate the greatest common divisor of 190 and 20.
10
What is the greatest common divisor of 19140 and 165?
165
What is the highest common factor of 39 and 390?
39
What is the greatest common divisor of 2 and 38?
2
What is the highest common factor of 725 and 10?
5
What is the greatest common divisor of 99 and 27?
9
What is the highest common factor of 1167 and 6?
3
Calculate the greatest common divisor of 95 and 722.
19
Calculate the greatest common factor of 6 and 438.
6
What is the highest common divisor of 779 and 133?
19
Calculate the highest common factor of 38 and 16.
2
What is the highest common divisor of 35 and 560?
35
Calculate the highest common factor of 216 and 1512.
216
What is the highest common factor of 9088 and 896?
128
What is the highest common factor of 375 and 225?
75
Calculate the highest common divisor of 4631 and 22.
11
Calculate the highest common divisor of 648 and 54.
54
Calculate the greatest common factor of 102 and 68.
34
What is the highest common divisor of 969 and 1254?
57
What is the highest common factor of 1859 and 13?
13
Calculate the greatest common factor of 380 and 1080.
20
Calculate the greatest common factor of 3 and 115.
1
Calculate the highest common divisor of 26 and 2938.
26
What is the highest common factor of 288 and 128?
32
Calculate the greatest common factor of 999 and 18.
9
Calculate the greatest common factor of 1705 and 5.
5
What is the highest common divisor of 442 and 3042?
26
Calculate the greatest common factor of 1680 and 56.
56
What is the greatest common divisor of 1521 and 3354?
39
What is the greatest common factor of 40 and 32?
8
What is the greatest common factor of 133 and 551?
19
Calculate the greatest common factor of 207 and 81.
9
Calculate the greatest common divisor of 4125 and 330.
165
What is the highest common divisor of 114 and 42?
6
What is the highest common factor of 45 and 20?
5
What is the greatest common divisor of 2104 and 4471?
263
What is the highest common factor of 8 and 424?
8
What is the highest common fact